hat is the greatest common divisor of 2 and z?
2
Suppose 4*v - 2 = 2*o + 5*v, 0 = 4*o + 5*v - 2. Let z(a) = -2*a**3 - 2*a**2. Let q be z(o). Let c = 0 - -1. What is the highest common divisor of q and c?
1
Let s(l) = l**2 + 4*l + 7. Let x be s(-6). Let m = -2 + x. Suppose -2*p - 5*z = -3*p - 13, 3*z - m = -4*p. What is the highest common divisor of 3 and p?
1
Suppose l + 17 = -5*s, -2*l - 1 - 1 = 2*s. Suppose 2*n + 0*o = -l*o - 19, 5*n - o = -5. Let p be -2*1/n - -2. Calculate the greatest common divisor of p and 21.
3
Suppose -5*c - 19 + 134 = 0. Let j = 49 - c. What is the highest common divisor of 78 and j?
26
Let p be (-644)/(-18) + (-2)/(-9). Let y be (-2 - -1)/((-3)/(-30)). Let z be y/(-5) + 14/2. Calculate the greatest common divisor of z and p.
9
Let b(r) = -3*r + 1. Let p be b(-3). What is the greatest common factor of p and 10?
10
Suppose -27 = -3*r - 3*k, 2*k = 3*r - 2 - 5. Suppose -2*n = -3 - r. Let u be (-31)/(-4) - (-1)/n. Calculate the highest common divisor of 24 and u.
8
Let a be (-1316)/(-5) - (-3)/(-15). Let t(z) = z + 6. Let k be t(-3). Let g be a/k - (-7)/21. What is the greatest common factor of g and 11?
11
Let f = 6 + -4. Suppose -3 = f*w - 5. What is the highest common divisor of 9 and w?
1
Let x = 27 + 17. Calculate the greatest common divisor of 66 and x.
22
Let s be 14 + 32/(-10) + (-2)/(-10). What is the highest common factor of s and 22?
11
Let w(x) = -x**3 - 20*x**2 - 27*x - 19. Let p be w(-19). What is the greatest common factor of 19 and p?
19
Let q(y) = -2*y**3 + 24*y**2 - 7*y - 15. Let f be q(11). What is the highest common divisor of f and 60?
30
Suppose 2*t = 2*d - 442, -3*d - 25 + 683 = -2*t. Calculate the highest common divisor of 24 and d.
24
Suppose z - 70 = -4*z. Calculate the greatest common factor of 35 and z.
7
Let d(q) = q**2 - 8*q + 11. Let s(w) = 1. Let c(m) = -d(m) + 5*s(m). Let g be c(7). Let t be 0/g - 54/(-3). What is the greatest common factor of t and 12?
6
Let p be 41/3 - (-8)/24. Calculate the greatest common divisor of p and 14.
14
Suppose 0*g - 30 = -3*g. Suppose 0 = -q + 5*k - g + 3, -4*q + 77 = k. What is the highest common factor of 27 and q?
9
Let k = -74 + 93. Suppose 3*b = b, 5*t + b - 475 = 0. Calculate the greatest common factor of k and t.
19
Let i = 54 - 31. Let f(m) = -m**3 + m**2 + 14*m - 1. Let y be f(-4). Calculate the highest common divisor of y and i.
23
Suppose 6*v - 112 = 2*v. Suppose 4*j = -4*r + v, j + 3*j = 0. What is the greatest common factor of 35 and r?
7
Let s = -60 + 171. Let m = s + -41. Calculate the greatest common divisor of 10 and m.
10
Suppose 0 = 2*m - 2*g, 2 = 2*m - 4*g + 12. Suppose -4*n - 104 = -4*j - 408, 4*n + m*j - 268 = 0. What is the highest common divisor of 24 and n?
24
Let g(f) = -f + 4. Let x be g(-4). Let n(q) = q**2 - 7*q. Let o be n(x). What is the highest common divisor of 1 and o?
1
Suppose 0 = 2*u - 4*u + 3*y, -u + 5*y = 7. Let r be (-46)/u*(-6)/4. Let x = r + 4. Calculate the highest common divisor of x and 9.
9
Let g = 172 - 102. What is the highest common divisor of g and 10?
10
Let a(j) = 2*j + 62. Let y be a(-14). Calculate the highest common factor of 306 and y.
34
Let u = -16 - -44. Let n be 42/(22/(-12) - -2). What is the highest common factor of n and u?
28
Let f = 11 + -7. Let z = 1 + f. What is the highest common divisor of z and 10?
5
Suppose -t - 2*u = -14 - 20, -3*u + 67 = 2*t. Suppose 0 = -0*s - s + 3*v + t, 0 = -2*s + v + 49. Calculate the greatest common divisor of 69 and s.
23
Suppose -m = -s - 2 + 9, 2*s - 6 = 0. Let t be (2 - 10 - m) + 184. Calculate the greatest common divisor of t and 20.
20
Let q = -100 + 38. Let c = 118 + q. What is the greatest common factor of c and 7?
7
Let l be (-21)/15 - 6/10. Let p be 53 + -2 + 5 + l. What is the highest common factor of p and 18?
18
Let g(y) = y**2 - 2*y - 3. Let h be g(-2). Let s be 125/(-2)*4/(-5). Let w be 2/((-16)/s)*-4. Calculate the greatest common factor of w and h.
5
Let k(c) = 2*c**2 + 5*c + 10. Let f be k(-5). Calculate the greatest common factor of 7 and f.
7
Let o(i) = -i**3 - 2*i**2 - i + 2. Let l be o(-2). Calculate the highest common factor of l and 44.
4
Let m(i) = -i + 4. Let d be m(-3). Let u be 225/21 + 2/d. What is the highest common divisor of u and 55?
11
Suppose 4*v = 2*v - 5*q + 25, -2*q = -10. Suppose 7*a = 3*a + 56. Suppose -a = -m - v. Calculate the highest common divisor of 7 and m.
7
Let s = -132 - -78. Let a = s + 142. Calculate the greatest common divisor of 8 and a.
8
Let o be ((-16)/48)/(2/(-18)). Calculate the greatest common factor of 48 and o.
3
Let y(h) = h**3 + 7*h**2 - 2*h - 3. Let u be y(-6). Suppose s = 6*s - u. What is the highest common factor of s and 36?
9
Let s(w) = 4*w**2 - 7*w - 6. Let b be s(6). Suppose 2*i = 5*i + 93. Let d = 43 + i. What is the greatest common divisor of b and d?
12
Suppose 8*k - 6*k - 6 = 0. Let f be -2 + 9/k - -5. Calculate the greatest common divisor of 12 and f.
6
Let v = -13 - -30. Let q(m) = 2*m - 22. Let z be q(v). Calculate the greatest common factor of 48 and z.
12
Let t be -2 - (2 + -1 - 19). Calculate the greatest common divisor of 176 and t.
16
Suppose v = 3 + 24. Suppose 0*z = -4*z. Suppose f - 3 + z = 0. Calculate the highest common factor of f and v.
3
Suppose 0 = 3*x - m - 12, -x - 3*m - 3 = -m. Suppose -63 = -5*l - x. Let g = 21 - 13. Calculate the highest common factor of l and g.
4
Suppose 4*b = 8, -4*u + 0*b = 3*b - 18. Suppose u*q = 4*a + 50, 0 = -q + 2*q - 4*a - 30. Calculate the highest common divisor of q and 70.
10
Let f be 3 - 6 - (-39)/1. Let s = f + -14. Calculate the greatest common factor of 33 and s.
11
Let t = 5 - -3. Calculate the highest common divisor of t and 12.
4
Let a = 23 + 10. What is the highest common divisor of 11 and a?
11
Let s(l) = -l**2 + 1. Let y(z) = 24*z**2 - 2*z - 12. Let n(t) = 10*s(t) + y(t). Let w be n(2). What is the greatest common divisor of 75 and w?
25
Let r(f) = 7*f - 18. Let b be r(9). What is the greatest common factor of 15 and b?
15
Let k be 18/(-4)*(-12)/18. Suppose -k*p = p - 2*s - 176, -4*p = 3*s - 186. What is the highest common factor of p and 5?
5
Suppose 52*t = 49*t + 15. Calculate the greatest common divisor of 80 and t.
5
Let f(s) = -s**3 + 13*s**2 - s + 3. Let u be f(13). Let i be ((-5)/u)/(1/16). What is the highest common divisor of 88 and i?
8
Let x = 1 - -1. Let u = x - -3. Calculate the greatest common divisor of u and 1.
1
Let a(i) = i**3 + 15*i**2 - i - 6. Let d be a(-15). Let t be (2 + -5)/(d/(-21)). Calculate the highest common factor of 1 and t.
1
Suppose -b + 3*i - 60 = 0, 216 = -5*b - 5*i + 16. Let h(q) = 5*q + 1. Let x be h(-5). Let d = x - b. Calculate the highest common divisor of 7 and d.
7
Let b be 3 + 1*(-1 + 0). Suppose -192 - 136 = -b*g. Let f = -115 + g. Calculate the highest common divisor of f and 7.
7
Let m(p) = -p**3 + 13*p**2 - 11*p + 24. Let h be m(12). What is the highest common divisor of 24 and h?
12
Let z = 8 + -1. Let y(n) = n**2 - 3*n - 1. Let t be y(z). Let p(b) = -b + 18. Let r be p(0). Calculate the highest common divisor of t and r.
9
Let l = -5 + 21. What is the greatest common factor of 8 and l?
8
Let h(i) = i**2 + 6*i + 5. Let k be h(-6). Suppose 8*j = k*j - 12. Let q = 2 - j. What is the greatest common divisor of q and 12?
6
Suppose 0 = 4*q - 5 - 3. Let t be 1/4 - 333/(-12). Suppose 0 = -c - 6 + t. Calculate the greatest common factor of c and q.
2
Suppose -2*i + 8 = -w, 4*i + w - 18 = 10. Let s(f) = -f**3 - 3*f**2 + 4*f + 2. Let r be s(-4). What is the highest common divisor of r and i?
2
Suppose 2*n = -6*f + 3*f + 103, -230 = -5*n - 2*f. Calculate the greatest common divisor of 11 and n.
11
Let z(q) = q**3 - 12*q**2 - 13*q + 4. Let g be z(13). Calculate the highest common factor of 2 and g.
2
Let t(k) = 41*k**2 - 5*k - 2 + 0*k + 7*k + k. Let h be t(2). Calculate the highest common factor of 21 and h.
21
Let h be (25/(-2))/((-3)/6). Suppose -4*b - 2*r + 1110 = 0, 2*b - 7*b + 1395 = 4*r. Calculate the greatest common divisor of h and b.
25
Let r(j) = 5*j**2 - 3*j. Let a be r(3). Suppose 5*d - a = -6. Let i be (-8)/(-4) + (-12)/(-3). Calculate the highest common divisor of i and d.
6
Let j = -44 + 72. Let o = -37 + 79. Calculate the highest common factor of j and o.
14
Let z(u) = u + 7.